et l be n(-7). Suppose -4*r = -j - 3, -2*j - 12 = -l*j - r. Let i be ((-54)/4)/((-3)/6). What is the greatest common factor of i and j?
9
Suppose n + n - 6 = 0. Suppose 3*h - 46 = -4*m + h, 2*m = -n*h + 13. Let t be ((-70)/8)/(6/(-24)). What is the greatest common factor of t and m?
7
Let l be -18 + 37 - (-3 + -1). Let g be (2 - -2*81) + -3. Calculate the greatest common factor of g and l.
23
Let w(p) = -p**3 - 4*p**2 + p - 4. Let u = 6 + -10. Let n be w(u). Let z(h) = -h - 1. Let l be z(n). What is the greatest common divisor of 7 and l?
7
Let g be (1 + 1)/(1/4). Let v be 12/(-4)*12/(-18). What is the greatest common divisor of v and g?
2
Suppose 10 = 4*k - 2. Suppose 0 = k*b - 2*p - 49, -3*p = -p - 2. Suppose d - 4*d + 204 = 0. What is the greatest common divisor of b and d?
17
Suppose -5*x = -6*x - 119. Let l = x - -224. What is the greatest common divisor of 15 and l?
15
Let t = 18 - 41. Let j = 15 + t. Let u = 4 - j. What is the greatest common divisor of u and 12?
12
Let k = -3 + 3. Suppose -4*w + 5*w - 19 = k. Let z = w - 11. What is the greatest common divisor of z and 24?
8
Let k be 15*(4/(-22) + 84/99). What is the greatest common divisor of 15 and k?
5
Suppose -4*s - 2*o - 68 = -5*s, -4*o + 120 = 2*s. Calculate the greatest common factor of s and 8.
8
Let b be (-3 - -5) + (0 - 0). Suppose 0 = -b*u + 2*r + 3 + 17, -4*u - 3*r = -12. Suppose -z = -0*z - 15. Calculate the highest common divisor of u and z.
3
Let q = 11 + 1. Calculate the highest common factor of 24 and q.
12
Let z(s) = -s**3 - 6*s**2 - 2*s + 3. Let y be z(-5). Let w = y - -20. What is the highest common divisor of 56 and w?
8
Let s(y) = 83*y**2 - y. Let c be s(-1). What is the highest common divisor of c and 12?
12
Suppose -15 = -4*l + 5. Let o = -4 + l. Let j be (-66)/(-9) - (-2)/3. Calculate the highest common divisor of j and o.
1
Let o = 2 + 12. Suppose 3*d + y - 118 = 0, -2*d = -0*d - 2*y - 76. Let b = d + -25. Calculate the greatest common divisor of b and o.
14
Let b be (-1)/5 - 8402/(-10). Let t be (-12)/(-10)*b/36. What is the highest common factor of 42 and t?
14
Let j(u) = u**3 - 4*u**2 + 5*u - 3. Let h(r) = -r**3 - r**2 + r + 3. Let z be h(0). Let t be j(z). What is the highest common factor of t and 18?
3
Let a(r) = -r**2 + r + 4. Let u be a(0). Suppose -4*v + 2*k = 5*k - 8, 2*v = k + u. What is the greatest common factor of v and 1?
1
Let r(y) = -y**2 - 2*y + 2. Suppose 3*t = -q - 9, -4*t + 8*t + 8 = 0. Let s be r(q). Let x be (s + -1 + -37)*-3. What is the highest common factor of x and 13?
13
Let x(o) = o**3 - 16*o**2 + 15*o + 33. Let f be x(15). What is the highest common factor of f and 44?
11
Suppose 2*a - 6*a = -3*b - 18, 0 = -4*a + 4*b + 16. Calculate the greatest common factor of 6 and a.
6
Let h(u) = -u**3 + 21*u**2 - 19*u - 1. Let x be h(20). What is the greatest common divisor of 190 and x?
19
Let x = 5 - 1. Let m = 49 + -33. What is the greatest common divisor of m and x?
4
Let n = 139 + -124. What is the greatest common factor of 15 and n?
15
Suppose -3*a = a + 8, -a - 17 = 5*b. Let z be 3/(-9)*b + 72. Suppose 4 = -3*r + z. What is the greatest common divisor of 253 and r?
23
Let z = 19 - -24. What is the highest common factor of 344 and z?
43
Suppose -1 = -3*q + 2. Let k be ((-10)/25)/(q/(-25)). What is the highest common divisor of 90 and k?
10
Let g be (1 - 5)*18/(-24). What is the highest common divisor of g and 9?
3
Let h = 53 - 42. Calculate the highest common divisor of h and 44.
11
Let v = -116 + 23. Let i = v + 162. Calculate the greatest common divisor of 23 and i.
23
Let b(h) = h + 2. Let x be b(-2). Suppose x = 4*g - 4 - 12. Calculate the highest common factor of 28 and g.
4
Let n(u) = 4*u**2 - 3*u + 3. Let b be n(2). Let a = b + -6. What is the highest common divisor of 7 and a?
7
Let q(l) = -68*l**3 - l**2 + 2*l - 1. Let r be q(1). Let u = r + 1001. Suppose -y + u = 5*f, 3*y = -y - 8. What is the highest common divisor of 17 and f?
17
Let b(t) = 8*t + 12. Let i be b(10). Suppose i = 5*s - 68. What is the highest common factor of s and 4?
4
Suppose 0*m = -m + 1. Let q be 66/(5 - 3/m). What is the highest common divisor of q and 22?
11
Let a be 20 + -9 - (-2)/1. What is the greatest common factor of 26 and a?
13
Suppose 15*j + 65 = 20*j. What is the greatest common factor of j and 117?
13
Let s be (-2 + 162)*(-4)/(-8). What is the highest common factor of s and 32?
16
Let x(w) = w**3 - 2*w**2 + 6*w. Let k be x(4). Let p = -40 + k. Calculate the greatest common factor of p and 2.
2
Let z be 2/(-5)*(-8 + 3). Let b be (-4)/((1/z)/(-1)). What is the highest common divisor of b and 24?
8
Suppose 0*f + 30 = 2*f. What is the highest common factor of f and 3?
3
Suppose 4*w = -4*m, -w = 3*m - 11 + 3. Let y = -4 + m. Let c = y + 7. What is the greatest common factor of c and 7?
7
Suppose -5*g + 5*y = -130, 0 = -y - y. Suppose 260 = 5*f - f. Calculate the highest common divisor of f and g.
13
Suppose -4 = 3*j + 5. Let z be 24 - (j - -5)/1. What is the highest common divisor of z and 110?
22
Suppose -36 = 6*m + 12. Let q be (-1896)/15 + 4/10. Let b be q/(-8) - 2/m. Calculate the highest common factor of b and 32.
16
Let i be (96/15)/((-8)/(-20)). Calculate the highest common factor of i and 8.
8
Suppose 3*o - s = s + 28, o - 14 = -4*s. Suppose 5*b + 0 = o. Let m be 64/6*3/2. What is the highest common divisor of m and b?
2
Let j(l) = -4*l - 5. Let i be j(-2). What is the greatest common divisor of 3 and i?
3
Suppose -2*o - 5*n + 49 = 0, 3*n = 4*o + 2*n - 43. Let d(f) = 2*f - 1. Let t be d(2). What is the highest common factor of t and o?
3
Let s = 4 + 5. Suppose -2*a + 3*a = -4*g, 0 = -2*g - 4*a - 14. Calculate the highest common divisor of s and g.
1
Suppose 8*q - 65 = 55. What is the highest common divisor of q and 10?
5
Let c(u) = -11*u + 5. Let p be c(-5). Calculate the greatest common factor of 20 and p.
20
Let n = -2 - -4. Suppose -3*i - 3 = -0*i. Let v be ((-3)/6)/(i/n). Calculate the highest common divisor of 1 and v.
1
Suppose 4*c + 5*o + 148 = 0, 0*c - 2*o = -3*c - 134. Let j = -22 - c. What is the highest common factor of 5 and j?
5
Let x(b) = -b**2 + 7*b - 1. Let w be x(6). Suppose -3*d = c - 7, -3 - w = -4*d. Let a be -3*2/(-6) + c. Calculate the greatest common divisor of a and 2.
2
Let l be 2 + (-11 + 2)*-22. Suppose -3*t = o - 175, -o = -3*t + 3*o + l. Calculate the greatest common factor of t and 12.
12
Suppose -3*k = 4*c - 8*k - 356, 0 = 3*c + 4*k - 236. What is the highest common divisor of c and 28?
28
Let s(x) = -3*x**2 + 1 - 5 + x**2 + 3*x + x**3. Let y be s(3). Let p be ((-1)/2)/(1/(-308)). Calculate the greatest common divisor of p and y.
14
Let r = 11 - -64. Calculate the highest common factor of r and 15.
15
Let m = -6 + 10. Let f be (-745)/(-20) - (-3)/m. Calculate the highest common factor of 95 and f.
19
Let c(m) = m**2 - m - 4. Let q be c(4). Calculate the greatest common divisor of 88 and q.
8
Suppose 0 = 4*z - 3*m - m - 48, 4*m = 0. Suppose 3*k + 6 = 2*h, -2*k = 4*h + 4 - 32. Calculate the greatest common factor of z and h.
6
Let b be 5 + -6 - 1*4*-25. Suppose 0 = t - 4*t + 5*p + 27, 4*t - 36 = -4*p. What is the greatest common factor of b and t?
9
Let t(w) = -8*w - 1. Let o(s) = 2*s + 14. Let c be o(-8). Let p be t(c). Let n = 142 + -22. What is the greatest common factor of p and n?
15
Suppose -3*z - 39 = 2*i, -2*i + 5*z = -i - 13. Let r = 3 - -18. Let a = i + r. Calculate the highest common divisor of a and 18.
9
Suppose 0*j - 47 = -4*j + 5*m, -3*j - 5*m + 44 = 0. Let q = -152 - -217. Calculate the greatest common divisor of q and j.
13
Let m(p) be the second derivative of -3*p**5/4 - p**4/12 + p**3/6 + p**2/2 + 5*p. Let b be m(-2). Calculate the highest common factor of 23 and b.
23
Suppose 0 = -2*r - 9 + 25. What is the greatest common factor of 56 and r?
8
Let j = 20 - 10. Let d = -6 + j. Suppose -d*r + 176 = -2*r. What is the highest common factor of 8 and r?
8
Let o(r) = -r**3 + 23*r**2 + 24*r + 12. Let h be o(24). Let u = -38 - -110. Calculate the highest common divisor of u and h.
12
Let f = -17 - -25. What is the greatest common factor of 56 and f?
8
Suppose 2*c + 4 = 0, -5*t - 2*c + 152 = -3*c. Calculate the greatest common divisor of t and 12.
6
Let k = -58 + 70. What is the greatest common div